 222659
What are the prime factors of 25509909?
3, 37, 229819
List the prime factors of 49563058.
2, 17, 19, 73, 1051
What are the prime factors of 3335346?
2, 3, 7, 103, 257
List the prime factors of 596397467.
1187, 502441
List the prime factors of 1595319713.
13, 37, 3316673
List the prime factors of 751080844.
2, 101, 1859111
List the prime factors of 299146452.
2, 3, 11, 613, 3697
What are the prime factors of 948147334?
2, 43, 11024969
What are the prime factors of 769191672?
2, 3, 1543, 20771
List the prime factors of 753543821.
97, 2011, 3863
List the prime factors of 17918024.
2, 2239753
List the prime factors of 146787758.
2, 13, 17, 332099
List the prime factors of 425488992.
2, 3, 4432177
List the prime factors of 811843374.
2, 3, 23, 5882923
What are the prime factors of 43138850?
2, 5, 862777
List the prime factors of 4226962.
2, 53, 39877
What are the prime factors of 296207846?
2, 11, 23, 585391
List the prime factors of 229486790.
2, 5, 13, 251, 541
List the prime factors of 1045751269.
47, 22250027
What are the prime factors of 2595902669?
17, 152700157
What are the prime factors of 255840220?
2, 5, 12792011
What are the prime factors of 80973631?
80973631
List the prime factors of 294839198.
2, 701, 210299
What are the prime factors of 253856063?
233, 467, 2333
List the prime factors of 224771905.
5, 673, 66797
What are the prime factors of 34390861?
4157, 8273
List the prime factors of 60048149.
7, 41, 209227
List the prime factors of 3758581903.
45751, 82153
List the prime factors of 352150537.
352150537
What are the prime factors of 1641173752?
2, 157, 1306667
What are the prime factors of 2951016788?
2, 89, 101, 82073
What are the prime factors of 49030371?
3, 13, 619, 677
List the prime factors of 4356071065.
5, 871214213
List the prime factors of 167619776.
2, 2619059
What are the prime factors of 2845362478?
2, 7, 29034311
What are the prime factors of 515556437?
11, 317, 13441
What are the prime factors of 65179648?
2, 15913
List the prime factors of 2387888164.
2, 14533, 41077
List the prime factors of 372624463.
6079, 61297
List the prime factors of 3788354709.
3, 29, 14514769
List the prime factors of 72385688.
2, 307, 29473
List the prime factors of 95124361.
2083, 45667
List the prime factors of 156585232.
2, 17, 19, 41, 739
What are the prime factors of 757128938?
2, 1297, 291877
What are the prime factors of 467365082?
2, 3307, 70663
List the prime factors of 203137841.
839, 242119
What are the prime factors of 103546383?
3, 1619, 21319
List the prime factors of 25726040.
2, 5, 43, 14957
List the prime factors of 185335843.
7, 11, 2406959
What are the prime factors of 484231629?
3, 7, 23058649
What are the prime factors of 93248738?
2, 11, 4238579
What are the prime factors of 194140923?
3, 64713641
What are the prime factors of 9337091?
439, 21269
List the prime factors of 63810067.
47, 1357661
What are the prime factors of 51629979?
3, 17209993
List the prime factors of 186353543.
47, 191, 20759
What are the prime factors of 196146396?
2, 3, 5448511
List the prime factors of 811810838.
2, 405905419
List the prime factors of 34525060.
2, 5, 1726253
List the prime factors of 583160583.
3, 194386861
List the prime factors of 2360505786.
2, 3, 393417631
What are the prime factors of 4543678?
2, 47, 48337
What are the prime factors of 19757419?
11, 1796129
List the prime factors of 5072708426.
2, 19, 133492327
What are the prime factors of 386157195?
3, 5, 769, 11159
What are the prime factors of 216928520?
2, 5, 197, 27529
What are the prime factors of 281440115?
5, 11, 443, 11551
What are the prime factors of 1049060691?
3, 7, 16651757
What are the prime factors of 164185809?
3, 4337, 12619
What are the prime factors of 625982308?
2, 7, 22356511
What are the prime factors of 55780186?
2, 7, 11, 281, 1289
List the prime factors of 1895285226.
2, 3, 19, 16625309
What are the prime factors of 45744396?
2, 3, 3812033
List the prime factors of 52218392.
2, 461, 14159
List the prime factors of 213454203.
3, 7459, 9539
List the prime factors of 812668860.
2, 3, 5, 281, 16067
List the prime factors of 35195939.
35195939
List the prime factors of 235832024.
2, 17, 751, 2309
What are the prime factors of 2511562531?
2591, 969341
List the prime factors of 951135395.
5, 7, 27175297
What are the prime factors of 961314917?
9491, 101287
List the prime factors of 318012605.
5, 23, 41, 67447
List the prime factors of 118986264.
2, 3, 17, 41, 2371
List the prime factors of 99409882.
2, 11, 13, 347587
List the prime factors of 219756.
2, 3, 18313
What are the prime factors of 52185061?
89, 586349
What are the prime factors of 19263989?
31, 621419
What are the prime factors of 170110463?
79, 2153297
List the prime factors of 162485086.
2, 29, 769, 3643
List the prime factors of 37323309.
3, 12441103
List the prime factors of 90207408.
2, 3, 179, 10499
What are the prime factors of 154165877?
17, 9068581
List the prime factors of 631247030.
2, 5, 193, 327071
What are the prime factors of 49258575?
3, 5, 73, 2999
List the prime factors of 63402258.
2, 3, 10567043
What are the prime factors of 372162681?
3, 11, 417691
What are the prime factors of 3610363?
3610363
List the prime factors of 20866142.
2, 11, 19, 49919
List the prime factors of 208914733.
208914733
List the prime factors of 508088401.
17, 83, 360091
List the prime factors of 981627806.
2, 47, 269, 38821
What are the prime factors of 524526545?
5, 104905309
What are the prime factors of 349699306?
2, 11, 43, 369661
List the prime factors of 1975627757.
23, 85896859
List the prime factors of 486923047.
13, 59, 634841
What are the prime factors of 26384398?
2, 3209, 4111
What are the prime factors of 199208146?
2, 99604073
List the prime factors of 263332823.
13, 71, 285301
What are the prime factors of 21678231?
3, 7226077
List the prime factors of 525442901.
31, 53, 241, 1327
List the prime factors of 4956692.
2, 13, 199, 479
List the prime factors of 353299356.
2, 3, 9813871
What are the prime factors of 215380403?
7, 109, 282281
What are the prime factors of 3507679283?
191, 1999, 9187
List the prime factors of 23274453.
3, 7758151
What are the prime factors of 57064329?
3, 7, 905783
What are the prime factors of 38183942?
2, 71, 443, 607
List the prime factors of 256552310.
2, 5, 7, 3665033
List the prime factors of 30090705.
3, 5, 67, 79, 379
List the prime factors of 30252946.
2, 1327, 11399
What are the prime factors of 2941857?
3, 326873
List the prime factors of 34625983.
7, 1997, 2477
List the prime factors of 57204601.
57204601
What are the prime factors of 83225922?
2, 3, 13, 1066999
What are the prime factors of 16639025?
5, 13, 51197
List the prime factors of 1761528505.
5, 11, 83, 385877
What are the prime factors of 725980313?
725980313
What are the prime factors of 1618154857?
11, 23, 6395869
List the prime factors of 341833961.
7, 43, 47, 73, 331
What are the prime factors of 192123066?
2, 3, 32020511
List the prime factors of 249283925.
5, 11, 906487
What are the prime factors of 4038396747?
3, 7, 11, 17482237
What are the prime factors of 69217255?
5, 13843451
List the prime factors of 12343082.
2, 131, 47111
What are the prime factors of 55811996?
2, 13952999
List the prime factors of 61721187.
3, 11, 1289, 1451
What are the prime factors of 160957920?
2, 3, 5, 97, 3457
What are the prime factors of 58595360?
2, 5, 366221
What are the prime factors of 162037378?
2, 81018689
List the prime factors of 2745537837.
3, 7, 61, 71, 30187
What are the prime factors of 2496194571?
3, 13, 64004989
What are the prime factors of 619688300?
2, 5, 7, 11, 11497
What are the prime factors of 306665543?
71, 4319233
What are the prime factors of 245868815?
5, 29, 271, 6257
What are the prime factors of 1540941361?
29, 811, 65519
What are the prime factors of 161141782?
2, 31, 599, 4339
What are the prime factors of 1543013863?
1543013863
List the prime factors of 650702901.
3, 216900967
List the prime factors of 89089201.
4969, 17929
List the prime factors of 200476432.
2, 13, 47, 20507
List the prime factors of 19036400.
2, 5, 47591
What are the prime factors of 2561193760?
2, 5, 127, 241, 523
List the prime factors of 339485324.
2, 47, 1805773
What are the prim